{"id":1485,"date":"2025-05-26T15:19:54","date_gmt":"2025-05-26T13:19:54","guid":{"rendered":"https:\/\/perolinedrevon.fr\/?page_id=1485"},"modified":"2026-01-30T09:35:50","modified_gmt":"2026-01-30T08:35:50","slug":"conference-sur-le-retour-a-lemploi-apres-une-maladie","status":"publish","type":"page","link":"https:\/\/perolinedrevon.fr\/?page_id=1485","title":{"rendered":"CONFERENCE THEATRALE"},"content":{"rendered":"\n<h2 class=\"wp-block-heading\">\u00ab\u00a0Accompagner le retour\u00a0\u00bb<\/h2>\n\n\n\n<h4 class=\"wp-block-heading\"><strong>Le retour au travail apr\u00e8s une maladie : un enjeu humain et collectif<\/strong><\/h4>\n\n\n\n<figure class=\"wp-block-image size-full\"><img fetchpriority=\"high\" decoding=\"async\" width=\"540\" height=\"675\" src=\"https:\/\/perolinedrevon.fr\/wp-content\/uploads\/2025\/07\/Colore-Post-Instagram-Conference-Moderne-1.jpg\" alt=\"\" class=\"wp-image-1643\" srcset=\"https:\/\/perolinedrevon.fr\/wp-content\/uploads\/2025\/07\/Colore-Post-Instagram-Conference-Moderne-1.jpg 540w, https:\/\/perolinedrevon.fr\/wp-content\/uploads\/2025\/07\/Colore-Post-Instagram-Conference-Moderne-1-240x300.jpg 240w\" sizes=\"(max-width: 540px) 100vw, 540px\" \/><\/figure>\n\n\n\n<p><strong>Dur\u00e9e : <\/strong>30 min <\/p>\n\n\n\n<p><strong>Descriptif : <\/strong>Cette conf\u00e9rence th\u00e9\u00e2trale aborde avec humanit\u00e9 les difficult\u00e9s rencontr\u00e9es lors d&rsquo;un retour en entreprise apr\u00e8s une maladie. Avec tendresse et sinc\u00e9rit\u00e9, ce moment est pens\u00e9 pour \u00e9veiller les consciences. Un temps de r\u00e9flexion collective dans lequel chacun-e peut se sentir concern\u00e9-e, touch\u00e9-e et impliqu\u00e9-e.<\/p>\n\n\n\n<p><strong>Tarif de la conf\u00e9rence suivie d&rsquo;un temps d&rsquo;\u00e9change et de d\u00e9bat  : <\/strong>500 euros hors frais de transports et d&rsquo;h\u00e9bergements (Un suppl\u00e9ment est appliqu\u00e9 pour une diffusion plus large en visio)<\/p>\n\n\n\n<p><strong>Droits d&rsquo;auteurs : <\/strong>En sus, \u00e0 d\u00e9clarer \u00e0 la SACD (me consulter)<\/p>\n\n\n\n<p><strong>Mat\u00e9riel n\u00e9cessaire :<\/strong> 4 chaises et un micro sans fil<\/p>\n\n\n\n<p><strong>Public : <\/strong>Employeurs, managers et collaborateurs d&rsquo;entreprises priv\u00e9es ou publiques , associations, collectivit\u00e9s, communes, etc&#8230;.<\/p>\n\n\n\n<p><strong>Contexte :<\/strong> La conf\u00e9rence peut \u00eatre programm\u00e9e toute l&rsquo;ann\u00e9e, elle peut aussi s&rsquo;organiser autour d&rsquo;\u00e9v\u00e8nements sur la qualit\u00e9 de vie au travail, la sant\u00e9, les handicaps invisibles ou sur le cancer.<\/p>\n\n\n\n<p><strong>Option compl\u00e9mentaire : <\/strong>La conf\u00e9rence peut \u00eatre suivie d&rsquo;un atelier de jeux de r\u00f4les coanim\u00e9 avec une <a href=\"https:\/\/boullier-psychologue.fr\/activites\/\">psychologue formatrice,<\/a> pour les managers et personnels RH confront\u00e9s \u00e0 des situations de collaboration avec des personnes fragiles, malades et\/ou en d\u00e9tresse psychologique. (Atelier de 3h en coanimation \u00e0 800 euros)<\/p>\n\n\n\n<p><em>Pour plus d&rsquo;informations, contactez moi au 0623582138<\/em><\/p>\n\n\n\n<hr class=\"wp-block-separator has-alpha-channel-opacity\"\/>\n\n\n\n<h2 class=\"wp-block-heading\">Quelques chiffres qui donnent du sens \u00e0 cette conf\u00e9rence <\/h2>\n\n\n\n<p><em>\u00ab\u00a040% des personnes diagnostiqu\u00e9es d&rsquo;un cancer sont en emploi ou en \u00e2ge de travailler\u00a0\u00bb<\/em><\/p>\n\n\n\n<p><strong>Voir le reportage :<\/strong> <a href=\"https:\/\/www.facebook.com\/share\/r\/1KQMyvSpeg\/?mibextid=wwXIfr\">https:\/\/www.facebook.com\/share\/r\/1KQMyvSpeg\/?mibextid=wwXIfr<\/a><\/p>\n\n\n\n<p><em>\u00ab\u00a05 ans apr\u00e8s le diagnostic, une majorit\u00e9 de patiente continuent de souffrir de s\u00e9quelles chroniques\u00a0\u00bb<\/em><\/p>\n\n\n\n<p><em>\u00ab\u00a020% des femmes en \u00e2ge de travailler n&rsquo;ont pas repris le travail 2 ans apr\u00e8s le diagnostic\u00a0\u00bb<\/em><\/p>\n\n\n\n<p><strong>Voir la vid\u00e9o : <\/strong><a href=\"https:\/\/www.facebook.com\/share\/v\/1AfVDC2o7Z\/?mibextid=wwXIfr\">https:\/\/www.facebook.com\/share\/v\/1AfVDC2o7Z\/?mibextid=wwXIfr<\/a><\/p>\n\n\n\n<hr class=\"wp-block-separator has-alpha-channel-opacity\"\/>\n\n\n\n<h2 class=\"wp-block-heading\">Retours de spectateurs :<\/h2>\n\n\n\n<p><em>\u00ab\u00a0Cette conf\u00e9rence a la vertu de mettre en exergue les difficult\u00e9s du retour au travail suite \u00e0 une longue maladie. P\u00e9roline r\u00e9ussi, via plusieurs sayn\u00e8tes inspir\u00e9es de t\u00e9moignages et de v\u00e9cus, \u00e0 nous rendre compte de nos maladresses, nos m\u00e9connaissances, nos peurs&#8230; \u00e0 la fois du point de vue du malade, des coll\u00e8gues, du management &#8230; Appuyer par un narratif parfaitement document\u00e9, nous ressortons de cette conf\u00e9rence avec des prises de conscience et l&rsquo;envie d&rsquo;appr\u00e9hender de fa\u00e7on diff\u00e9rente et plus apaiser ce sujet \u00f4 combien d\u00e9licat.\u00a0\u00bb<\/em><\/p>\n\n\n\n<p><em><strong>Romain, spectateur de la conf\u00e9rence en juin 2025 <\/strong><\/em><\/p>\n\n\n\n<p><\/p>\n\n\n\n<p><em>\u00ab\u00a0Une conf\u00e9rence profond\u00e9ment humaine et inspirante. P\u00e9roline, avec sinc\u00e9rit\u00e9 et force, nous a permis de lever certains tabous autour du retour au travail apr\u00e8s la maladie. En tant qu\u2019agent et encadrant, j\u2019ai pu \u00e9changer librement avec mes coll\u00e8gues, mieux comprendre leurs v\u00e9cus et prendre conscience de l\u2019importance d\u2019un accompagnement collectif bienveillant au b\u00e9n\u00e9fice de tous.\u00a0\u00bb<\/em><\/p>\n\n\n\n<p><em><strong>Ludovic, Directeur de cabinet, spectateur de la conf\u00e9rence en juin 2025<\/strong><\/em><\/p>\n\n\n\n<figure class=\"wp-block-image size-full\"><img decoding=\"async\" width=\"612\" height=\"407\" src=\"https:\/\/perolinedrevon.fr\/wp-content\/uploads\/2025\/06\/emilie.png\" alt=\"\" class=\"wp-image-1534\" srcset=\"https:\/\/perolinedrevon.fr\/wp-content\/uploads\/2025\/06\/emilie.png 612w, https:\/\/perolinedrevon.fr\/wp-content\/uploads\/2025\/06\/emilie-300x200.png 300w\" sizes=\"(max-width: 612px) 100vw, 612px\" \/><\/figure>\n\n\n\n<figure class=\"wp-block-image size-large is-resized\"><img decoding=\"async\" width=\"1024\" height=\"515\" src=\"https:\/\/perolinedrevon.fr\/wp-content\/uploads\/2025\/06\/retour-jacques-1-1024x515.jpg\" alt=\"\" class=\"wp-image-1539\" style=\"width:610px\" srcset=\"https:\/\/perolinedrevon.fr\/wp-content\/uploads\/2025\/06\/retour-jacques-1-1024x515.jpg 1024w, https:\/\/perolinedrevon.fr\/wp-content\/uploads\/2025\/06\/retour-jacques-1-300x151.jpg 300w, https:\/\/perolinedrevon.fr\/wp-content\/uploads\/2025\/06\/retour-jacques-1-768x386.jpg 768w, https:\/\/perolinedrevon.fr\/wp-content\/uploads\/2025\/06\/retour-jacques-1.jpg 1141w\" sizes=\"(max-width: 1024px) 100vw, 1024px\" \/><\/figure>\n\n\n\n<figure class=\"wp-block-image size-full is-resized\"><img loading=\"lazy\" decoding=\"async\" width=\"854\" height=\"329\" src=\"https:\/\/perolinedrevon.fr\/wp-content\/uploads\/2025\/06\/esra.png\" alt=\"\" class=\"wp-image-1536\" style=\"width:610px\" srcset=\"https:\/\/perolinedrevon.fr\/wp-content\/uploads\/2025\/06\/esra.png 854w, https:\/\/perolinedrevon.fr\/wp-content\/uploads\/2025\/06\/esra-300x116.png 300w, https:\/\/perolinedrevon.fr\/wp-content\/uploads\/2025\/06\/esra-768x296.png 768w\" sizes=\"(max-width: 854px) 100vw, 854px\" \/><\/figure>\n\n\n\n<p><\/p>\n\n\n\n<hr class=\"wp-block-separator has-alpha-channel-opacity\"\/>\n\n\n\n<h2 class=\"wp-block-heading\"><strong>Retour d&rsquo;une enqu\u00eate de satisfaction aupr\u00e8s de salari\u00e9s qui ont assist\u00e9 \u00e0 la conf\u00e9rence : <\/strong><\/h2>\n\n\n\n<p><strong>\ud83c\udfaf&nbsp;Points positifs relev\u00e9s<\/strong><\/p>\n\n\n\n<p><strong>Contenu enrichissant et utile<\/strong>&nbsp;: La conf\u00e9rence apporte des&nbsp;<strong>cl\u00e9s concr\u00e8tes<\/strong>&nbsp;pour mieux accompagner les coll\u00e8gues de retour apr\u00e8s une longue absence. Elle permet une&nbsp;<strong>prise de recul<\/strong>&nbsp;sur les pratiques d\u2019accueil pass\u00e9es et pr\u00e9pare \u00e0 mieux g\u00e9rer les situations futures.<\/p>\n\n\n\n<p><strong>Format original et impactant<\/strong>&nbsp;: Le format de conf\u00e9rence&nbsp;<em>jou\u00e9e<\/em>&nbsp;a \u00e9t\u00e9 particuli\u00e8rement appr\u00e9ci\u00e9 : <em>\u00e9mouvant, interpellant, immersif<\/em>. L\u2019intervenante a \u00e9t\u00e9 salu\u00e9e pour sa capacit\u00e9 \u00e0&nbsp;<em>briser les tabous<\/em>&nbsp;et \u00e0&nbsp;<em>ouvrir le dialogue<\/em>&nbsp;sur un sujet sensible.<\/p>\n\n\n\n<p><\/p>\n\n\n\n<p><strong>\ud83d\udcac&nbsp;Impression g\u00e9n\u00e9rale<\/strong><\/p>\n\n\n\n<p>La conf\u00e9rence est per\u00e7ue comme&nbsp;<strong>forte en impact \u00e9motionnel et invite \u00e0 une r\u00e9flexion collective<\/strong>. Elle apporte r\u00e9ellement une&nbsp;<strong>valeur ajout\u00e9e professionnelle<\/strong> et suscite une&nbsp;<strong>prise de conscience<\/strong>&nbsp;sur l\u2019importance de l\u2019accueil et de l\u2019accompagnement au travail.<\/p>\n\n\n\n<p><\/p>\n","protected":false},"excerpt":{"rendered":"<p>\u00ab\u00a0Accompagner le retour\u00a0\u00bb Le retour au travail apr\u00e8s une maladie : un enjeu humain et collectif Dur\u00e9e : 30 min Descriptif : Cette conf\u00e9rence th\u00e9\u00e2trale aborde avec humanit\u00e9 les difficult\u00e9s rencontr\u00e9es lors d&rsquo;un retour en entreprise apr\u00e8s une maladie. Avec tendresse et sinc\u00e9rit\u00e9, ce moment est pens\u00e9 pour \u00e9veiller les consciences. Un temps de r\u00e9flexion [&hellip;]<\/p>\n","protected":false},"author":1,"featured_media":0,"parent":0,"menu_order":0,"comment_status":"closed","ping_status":"closed","template":"","meta":{"footnotes":""},"class_list":["post-1485","page","type-page","status-publish","hentry"],"_links":{"self":[{"href":"https:\/\/perolinedrevon.fr\/index.php?rest_route=\/wp\/v2\/pages\/1485","targetHints":{"allow":["GET"]}}],"collection":[{"href":"https:\/\/perolinedrevon.fr\/index.php?rest_route=\/wp\/v2\/pages"}],"about":[{"href":"https:\/\/perolinedrevon.fr\/index.php?rest_route=\/wp\/v2\/types\/page"}],"author":[{"embeddable":true,"href":"https:\/\/perolinedrevon.fr\/index.php?rest_route=\/wp\/v2\/users\/1"}],"replies":[{"embeddable":true,"href":"https:\/\/perolinedrevon.fr\/index.php?rest_route=%2Fwp%2Fv2%2Fcomments&post=1485"}],"version-history":[{"count":26,"href":"https:\/\/perolinedrevon.fr\/index.php?rest_route=\/wp\/v2\/pages\/1485\/revisions"}],"predecessor-version":[{"id":1974,"href":"https:\/\/perolinedrevon.fr\/index.php?rest_route=\/wp\/v2\/pages\/1485\/revisions\/1974"}],"wp:attachment":[{"href":"https:\/\/perolinedrevon.fr\/index.php?rest_route=%2Fwp%2Fv2%2Fmedia&parent=1485"}],"curies":[{"name":"wp","href":"https:\/\/api.w.org\/{rel}","templated":true}]}}