{"id":176,"date":"2019-07-18T11:00:23","date_gmt":"2019-07-18T09:00:23","guid":{"rendered":"http:\/\/perolinedrevon.fr\/?page_id=176"},"modified":"2025-05-26T15:22:12","modified_gmt":"2025-05-26T13:22:12","slug":"offres-pour-les-particuliers-2","status":"publish","type":"page","link":"https:\/\/perolinedrevon.fr\/?page_id=176","title":{"rendered":"LES OUTILS DU THEATRE POUR LES PARTICULIERS"},"content":{"rendered":"\n<h2 class=\"wp-block-heading\">Spectacle priv\u00e9 sur mesure &#8211; <em>Anniversaire, mariage, d\u00e9part \u00e0 la retraite, EVG et EVJF&#8230;<\/em><\/h2>\n\n\n\n<p>Pour dynamiser votre \u00e9v\u00e9nement et le rendre m\u00e9morable<\/p>\n\n\n\n<p>Pour cr\u00e9er la surprise aupr\u00e8s de vos convives et partager un moment de rire et de bonne humeur.<\/p>\n\n\n\n<p>Pour profiter d&rsquo;un spectacle \u00e0 la maison avec votre famille \/ amis<\/p>\n\n\n\n<figure class=\"wp-block-image size-medium\"><img fetchpriority=\"high\" decoding=\"async\" width=\"300\" height=\"225\" src=\"http:\/\/perolinedrevon.fr\/wp-content\/uploads\/2023\/02\/20211217-ATMP-AU-REPAIRE-300x225.jpg\" alt=\"\" class=\"wp-image-990\" srcset=\"https:\/\/perolinedrevon.fr\/wp-content\/uploads\/2023\/02\/20211217-ATMP-AU-REPAIRE-300x225.jpg 300w, https:\/\/perolinedrevon.fr\/wp-content\/uploads\/2023\/02\/20211217-ATMP-AU-REPAIRE-1024x768.jpg 1024w, https:\/\/perolinedrevon.fr\/wp-content\/uploads\/2023\/02\/20211217-ATMP-AU-REPAIRE-768x576.jpg 768w, https:\/\/perolinedrevon.fr\/wp-content\/uploads\/2023\/02\/20211217-ATMP-AU-REPAIRE-1536x1152.jpg 1536w, https:\/\/perolinedrevon.fr\/wp-content\/uploads\/2023\/02\/20211217-ATMP-AU-REPAIRE-2048x1536.jpg 2048w, https:\/\/perolinedrevon.fr\/wp-content\/uploads\/2023\/02\/20211217-ATMP-AU-REPAIRE-1140x855.jpg 1140w\" sizes=\"(max-width: 300px) 100vw, 300px\" \/><figcaption class=\"wp-element-caption\">Spectacle priv\u00e9 sur la th\u00e9matique du quotidien<\/figcaption><\/figure>\n\n\n\n<p><\/p>\n\n\n\n<p><\/p>\n\n\n\n<h2 class=\"wp-block-heading\" id=\"mce_4\">Atelier collectif- <em>Initiation&nbsp;\u00e0&nbsp;l&rsquo;improvisation&nbsp;<\/em><\/h2>\n\n\n\n<p>Pour partager un moment in\u00e9dit entre amis ou en famille<\/p>\n\n\n\n<p>Pour faire une activit\u00e9 originale lors d&rsquo;un Enterrement de Vie de Jeune Fille ou de Gar\u00e7on<\/p>\n\n\n\n<p>Pour d\u00e9couvrir une discipline avec un groupe <\/p>\n\n\n\n<p><\/p>\n\n\n\n<figure class=\"wp-block-image size-medium\"><img decoding=\"async\" width=\"300\" height=\"225\" src=\"http:\/\/perolinedrevon.fr\/wp-content\/uploads\/2023\/02\/thumbnail_IMG_8473-300x225.jpg\" alt=\"\" class=\"wp-image-991\" srcset=\"https:\/\/perolinedrevon.fr\/wp-content\/uploads\/2023\/02\/thumbnail_IMG_8473-300x225.jpg 300w, https:\/\/perolinedrevon.fr\/wp-content\/uploads\/2023\/02\/thumbnail_IMG_8473-1024x768.jpg 1024w, https:\/\/perolinedrevon.fr\/wp-content\/uploads\/2023\/02\/thumbnail_IMG_8473-768x576.jpg 768w, https:\/\/perolinedrevon.fr\/wp-content\/uploads\/2023\/02\/thumbnail_IMG_8473-1140x855.jpg 1140w, https:\/\/perolinedrevon.fr\/wp-content\/uploads\/2023\/02\/thumbnail_IMG_8473.jpg 1280w\" sizes=\"(max-width: 300px) 100vw, 300px\" \/><figcaption class=\"wp-element-caption\">Atelier petits et grands avec 3 g\u00e9n\u00e9rations de la m\u00eame famille<\/figcaption><\/figure>\n\n\n\n<p><\/p>\n\n\n\n<p><\/p>\n\n\n\n<h2 class=\"wp-block-heading\">Atelier individuel &#8211; Travailler la prise de parole<\/h2>\n\n\n\n<p>Pour prendre confiance et s&rsquo;affirmer<\/p>\n\n\n\n<p>Pour travailler une audition, un concours, une conf\u00e9rence etc&#8230;<\/p>\n\n\n\n<p>Pour apprendre \u00e0 g\u00e9rer mon stress quand je dois parler en public<\/p>\n\n\n\n<p>Pour am\u00e9liorer l&rsquo;impact de mes prises de paroles en public<\/p>\n\n\n\n<figure class=\"wp-block-image size-medium\"><img decoding=\"async\" width=\"300\" height=\"225\" src=\"http:\/\/perolinedrevon.fr\/wp-content\/uploads\/2023\/02\/thumbnail_IMG_5551-300x225.jpg\" alt=\"\" class=\"wp-image-992\" srcset=\"https:\/\/perolinedrevon.fr\/wp-content\/uploads\/2023\/02\/thumbnail_IMG_5551-300x225.jpg 300w, https:\/\/perolinedrevon.fr\/wp-content\/uploads\/2023\/02\/thumbnail_IMG_5551-1024x768.jpg 1024w, https:\/\/perolinedrevon.fr\/wp-content\/uploads\/2023\/02\/thumbnail_IMG_5551-768x576.jpg 768w, https:\/\/perolinedrevon.fr\/wp-content\/uploads\/2023\/02\/thumbnail_IMG_5551-1140x855.jpg 1140w, https:\/\/perolinedrevon.fr\/wp-content\/uploads\/2023\/02\/thumbnail_IMG_5551.jpg 1280w\" sizes=\"(max-width: 300px) 100vw, 300px\" \/><figcaption class=\"wp-element-caption\">Atelier de travail sur la prise de parole en public avec des entrepreneures<\/figcaption><\/figure>\n\n\n\n<p><\/p>\n\n\n\n<p><\/p>\n\n\n\n<p> <strong>Pour obtenir un devis personnalis\u00e9, contactez moi sur  instantt.drevon@gmail.com<\/strong> <\/p>\n\n\n\n<p><\/p>\n\n\n\n<p><\/p>\n\n\n\n<div class=\"wp-block-group\"><div class=\"wp-block-group__inner-container is-layout-flow wp-block-group-is-layout-flow\">\n<figure class=\"wp-block-gallery has-nested-images columns-default is-cropped wp-block-gallery-1 is-layout-flex wp-block-gallery-is-layout-flex\">\n<figure class=\"wp-block-image size-large\"><img loading=\"lazy\" decoding=\"async\" width=\"1024\" height=\"768\" data-id=\"394\" src=\"http:\/\/perolinedrevon.fr\/wp-content\/uploads\/2020\/10\/IMG_5685-1-1024x768.jpg\" alt=\"Stage d'improvisation\" class=\"wp-image-394\" srcset=\"https:\/\/perolinedrevon.fr\/wp-content\/uploads\/2020\/10\/IMG_5685-1-1024x768.jpg 1024w, https:\/\/perolinedrevon.fr\/wp-content\/uploads\/2020\/10\/IMG_5685-1-300x225.jpg 300w, https:\/\/perolinedrevon.fr\/wp-content\/uploads\/2020\/10\/IMG_5685-1-768x576.jpg 768w, https:\/\/perolinedrevon.fr\/wp-content\/uploads\/2020\/10\/IMG_5685-1-1536x1152.jpg 1536w, https:\/\/perolinedrevon.fr\/wp-content\/uploads\/2020\/10\/IMG_5685-1-2048x1536.jpg 2048w, https:\/\/perolinedrevon.fr\/wp-content\/uploads\/2020\/10\/IMG_5685-1-596x447.jpg 596w\" sizes=\"(max-width: 1024px) 100vw, 1024px\" \/><figcaption class=\"wp-element-caption\">Troupe Improvergne\nOctobre 2020<\/figcaption><\/figure>\n\n\n\n<figure class=\"wp-block-image size-large\"><img loading=\"lazy\" decoding=\"async\" width=\"1024\" height=\"768\" data-id=\"395\" src=\"http:\/\/perolinedrevon.fr\/wp-content\/uploads\/2020\/10\/IMG_5688-1024x768.jpg\" alt=\"\" class=\"wp-image-395\" srcset=\"https:\/\/perolinedrevon.fr\/wp-content\/uploads\/2020\/10\/IMG_5688-1024x768.jpg 1024w, https:\/\/perolinedrevon.fr\/wp-content\/uploads\/2020\/10\/IMG_5688-300x225.jpg 300w, https:\/\/perolinedrevon.fr\/wp-content\/uploads\/2020\/10\/IMG_5688-768x576.jpg 768w, https:\/\/perolinedrevon.fr\/wp-content\/uploads\/2020\/10\/IMG_5688-1536x1152.jpg 1536w, https:\/\/perolinedrevon.fr\/wp-content\/uploads\/2020\/10\/IMG_5688-2048x1536.jpg 2048w, https:\/\/perolinedrevon.fr\/wp-content\/uploads\/2020\/10\/IMG_5688-596x447.jpg 596w\" sizes=\"(max-width: 1024px) 100vw, 1024px\" \/><\/figure>\n<figcaption class=\"blocks-gallery-caption wp-element-caption\"><em>Stage autour de la mise en sc\u00e8ne pour l&rsquo;association Improvergne de Clermont Ferrand<\/em><\/figcaption><\/figure>\n<\/div><\/div>\n\n\n<p><!--StartFragment--><\/p>\n\n\n<p><\/p>\n\n\n\n<p><\/p>\n\n\n\n<p><\/p>\n\n\n\n<p><strong>L&rsquo;ensemble des ateliers\/formations que je propose sont:<\/strong><\/p>\n\n\n\n<p>&#8211; Accessibles \u00e0 tout \u00e2ge<\/p>\n\n\n\n<p>&#8211; Accessibles sans aucune exp\u00e9rience\/comp\u00e9tence de base<\/p>\n\n\n\n<p>&#8211; Adaptables \u00e0 tout type de profils<\/p>\n\n\n\n<p>&#8211; R\u00e9alisables pour les particuliers ou les entreprises<\/p>\n\n\n\n<p>&#8211; Possibles en individuel ou en groupe<\/p>\n\n\n\n<p><\/p>\n\n\n\n<div class=\"wp-block-button\"><a class=\"wp-block-button__link wp-element-button\" href=\"http:\/\/perolinedrevon.fr\/?page_id=419\">Ils racontent leur exp\u00e9rience<\/a><\/div>\n","protected":false},"excerpt":{"rendered":"<p>Spectacle priv\u00e9 sur mesure &#8211; Anniversaire, mariage, d\u00e9part \u00e0 la retraite, EVG et EVJF&#8230; Pour dynamiser votre \u00e9v\u00e9nement et le rendre m\u00e9morable Pour cr\u00e9er la surprise aupr\u00e8s de vos convives et partager un moment de rire et de bonne humeur. Pour profiter d&rsquo;un spectacle \u00e0 la maison avec votre famille \/ amis Atelier collectif- Initiation&nbsp;\u00e0&nbsp;l&rsquo;improvisation&nbsp; [&hellip;]<\/p>\n","protected":false},"author":1,"featured_media":0,"parent":24,"menu_order":0,"comment_status":"closed","ping_status":"closed","template":"","meta":{"footnotes":""},"class_list":["post-176","page","type-page","status-publish","hentry"],"_links":{"self":[{"href":"https:\/\/perolinedrevon.fr\/index.php?rest_route=\/wp\/v2\/pages\/176","targetHints":{"allow":["GET"]}}],"collection":[{"href":"https:\/\/perolinedrevon.fr\/index.php?rest_route=\/wp\/v2\/pages"}],"about":[{"href":"https:\/\/perolinedrevon.fr\/index.php?rest_route=\/wp\/v2\/types\/page"}],"author":[{"embeddable":true,"href":"https:\/\/perolinedrevon.fr\/index.php?rest_route=\/wp\/v2\/users\/1"}],"replies":[{"embeddable":true,"href":"https:\/\/perolinedrevon.fr\/index.php?rest_route=%2Fwp%2Fv2%2Fcomments&post=176"}],"version-history":[{"count":12,"href":"https:\/\/perolinedrevon.fr\/index.php?rest_route=\/wp\/v2\/pages\/176\/revisions"}],"predecessor-version":[{"id":1491,"href":"https:\/\/perolinedrevon.fr\/index.php?rest_route=\/wp\/v2\/pages\/176\/revisions\/1491"}],"up":[{"embeddable":true,"href":"https:\/\/perolinedrevon.fr\/index.php?rest_route=\/wp\/v2\/pages\/24"}],"wp:attachment":[{"href":"https:\/\/perolinedrevon.fr\/index.php?rest_route=%2Fwp%2Fv2%2Fmedia&parent=176"}],"curies":[{"name":"wp","href":"https:\/\/api.w.org\/{rel}","templated":true}]}}