{"id":407,"date":"2020-11-10T12:07:42","date_gmt":"2020-11-10T11:07:42","guid":{"rendered":"http:\/\/perolinedrevon.fr\/?page_id=407"},"modified":"2025-11-28T14:53:08","modified_gmt":"2025-11-28T13:53:08","slug":"ils-racontent","status":"publish","type":"page","link":"https:\/\/perolinedrevon.fr\/?page_id=407","title":{"rendered":"ILS RACONTENT LEUR EXPERIENCE"},"content":{"rendered":"\n<p><\/p>\n\n\n\n<h2 class=\"wp-block-heading\"><strong>HARMONIE MUTUELLE &#8211; Objectifs&nbsp;: <\/strong> <strong>Teambuilding <\/strong> \/ <strong>D\u00e9couverte de l&rsquo;Improvisation et coh\u00e9sion <\/strong><\/h2>\n\n\n\n<p>\u00ab\u00a0Nos \u00e9quipes et nous-m\u00eame avons \u00e9t\u00e9 tr\u00e8s satisfait sur le contenu ainsi que l\u2019approche p\u00e9dagogique de la com\u00e9dienne. Elle a su petit \u00e0 petit avec les diff\u00e9rents ateliers mettre en <strong>confiance<\/strong> nos collaborateurs afin qu\u2019ils <strong>se sentent \u00e0 l\u2019aise et qu\u2019ils puissent s\u2019exprimer.<\/strong><\/p>\n\n\n\n<p>Nous avons eu de<strong> tr\u00e8s bons retours des participants<\/strong>, m\u00eame les plus r\u00e9ticents au d\u00e9but se sont pr\u00eat\u00e9 au jeu. Nous vous remercions pour cette <strong>exp\u00e9rience riche <\/strong>en fou rire et en coh\u00e9sion d\u2019\u00e9quipe.\u00a0\u00bb<\/p>\n\n\n\n<p><em><strong>Sophie,\nCynthia et William \/ Managers Equipes commerciales<\/strong><\/em><\/p>\n\n\n\n<figure class=\"wp-block-gallery has-nested-images columns-default is-cropped wp-block-gallery-1 is-layout-flex wp-block-gallery-is-layout-flex\">\n<figure class=\"wp-block-image size-large\"><img fetchpriority=\"high\" decoding=\"async\" width=\"960\" height=\"720\" data-id=\"1432\" src=\"https:\/\/perolinedrevon.fr\/wp-content\/uploads\/2024\/12\/IMG_8073.jpg\" alt=\"\" class=\"wp-image-1432\" srcset=\"https:\/\/perolinedrevon.fr\/wp-content\/uploads\/2024\/12\/IMG_8073.jpg 960w, https:\/\/perolinedrevon.fr\/wp-content\/uploads\/2024\/12\/IMG_8073-300x225.jpg 300w, https:\/\/perolinedrevon.fr\/wp-content\/uploads\/2024\/12\/IMG_8073-768x576.jpg 768w, https:\/\/perolinedrevon.fr\/wp-content\/uploads\/2024\/12\/IMG_8073-580x435.jpg 580w\" sizes=\"(max-width: 960px) 100vw, 960px\" \/><\/figure>\n<\/figure>\n\n\n\n<h2 class=\"wp-block-heading\"><strong>MERIEUX NUTRISCIENCES \u2013 Objectifs&nbsp;: Ice-Breaker <\/strong>\/  <strong>Teambuilding <\/strong> <\/h2>\n\n\n\n<p>\u00ab\u00a0Un grand merci \u00e0 vous pour votre aide dans la r\u00e9alisation des \u00ab\u00a0Ice-Breaker\u00a0\u00bb de la semaine derni\u00e8re !&nbsp; L&rsquo;\u00e9quipe a \u00e9t\u00e9 enchant\u00e9e pour l&rsquo;\u00e9nergie&nbsp;et la bonne dynamique apport\u00e9es par P\u00e9roline.  La premi\u00e8re session du mardi fut la pr\u00e9f\u00e9r\u00e9e \u00e0 l&rsquo;unanimit\u00e9 car faire danser une \u00e9quipe \u00e0 8h30 le matin ce n&rsquo;est pas donn\u00e9 \u00e0 tout le monde ! Merci&nbsp;! \u00ab\u00a0<\/p>\n\n\n\n<p><em>Sophie MANCHON &#8211; Executive Assistant Finance &amp; Paralegal<\/em><\/p>\n\n\n\n<p><\/p>\n\n\n\n<h2 class=\"wp-block-heading\"><strong>EDF\/ Photovolta\u00efque \u2013 Objectifs&nbsp;: <\/strong> <strong>Teambuilding <\/strong> \/ <strong>Coh\u00e9sion d\u2019\u00e9quipe et d\u00e9couverte entre nouveaux coll\u00e8gues<\/strong><\/h2>\n\n\n\n<p>\u00ab\u00a0Des exercices pertinents et challengeant avec des parall\u00e8les forts avec le monde du travail : valeur, \u00e9coute, communication, bienveillance.<br>Avec son professionnalisme, P\u00e9roline est g\u00e9niale et s&rsquo;adapte. Elle cr\u00e9e l&rsquo;\u00e9mulation collective.\u00a0\u00bb<\/p>\n\n\n\n<p><em>Nicolas HEINTZ Responsable de Service Administration des obligations d\u2019achat<\/em><\/p>\n\n\n\n<p><\/p>\n\n\n\n<h2 class=\"wp-block-heading\"><strong>ENEDIS \/ GRDF \u2013 Objectifs&nbsp;: Teambuilding <\/strong> \/ <strong>Coh\u00e9sion d\u2019\u00e9quipe et gestion du changement<\/strong>&nbsp;<\/h2>\n\n\n\n<p>\u00ab\u00a0Un grand merci pour cette animation ayant permis aux participants de d\u00e9couvrir ou de s\u2019approprier un univers particulier et unique qu\u2019est l\u2019improvisation th\u00e9\u00e2trale. <strong>C\u2019\u00e9tait parfait et conforme \u00e0 l\u2019attendu. <\/strong>  L\u2019approche de la gestion du changement au travers des ateliers travaill\u00e9s a \u00e9t\u00e9 appr\u00e9ci\u00e9e et \u00e0 ouvert la porte de la r\u00e9flexion pour de nombreuses personnes \u2026.  Encore merci pour votre approche et votre pr\u00e9sentation. \u00ab\u00a0<\/p>\n\n\n\n<p> <em>Christelle ODASSO Appui Gestion \/ contr\u00f4le de gestion &#8211; OIT-DSU- Agence IT Sud Est<\/em><\/p>\n\n\n\n<p><\/p>\n\n\n\n<h2 class=\"wp-block-heading\"><strong>COMMUNE D&rsquo;ORLIENAS \u2013 Objectifs&nbsp;: Spectacle priv\u00e9 sur mesure<\/strong><\/h2>\n\n\n\n<p>\u00ab\u00a0Je n&rsquo;avais jamais assist\u00e9 \u00e0 un spectacle th\u00e9\u00e2tre d&rsquo;improvisation!<br>Lorsque l&rsquo;id\u00e9e d&rsquo;une telle prestation s&rsquo;est pr\u00e9sent\u00e9e pour notre journ\u00e9e de f\u00eate de la rentr\u00e9e, j&rsquo;ai imm\u00e9diatement \u00e9t\u00e9 s\u00e9duite par l&rsquo;originalit\u00e9 de cette proposition.<br>Lors de ma premi\u00e8re rencontre avec Mme Drevon, elle m&rsquo;a permis de donner un sens plus concret \u00e0 \u00ab\u00a0th\u00e9\u00e2tre d&rsquo;improvisation\u00a0\u00bb. Il y avait plusieurs possibilit\u00e9s, notamment avec o\u00f9 sans musicien. J&rsquo;ai choisi avec, et sans h\u00e9sitation ni regret c&rsquo;est un vrai plus.<br><strong>Ce genre de spectacle est  surprenant,<\/strong> avec comme point de d\u00e9part un th\u00e8me que nous avons choisi \u00e0 l&rsquo;avance et qui est propos\u00e9 \u00e0 l&rsquo;assembl\u00e9e. Ceux qui le souhaitent, exprime ce que cela leur inspirent, c&rsquo;est un <strong>temps d&rsquo;\u00e9change riche<\/strong> car cela n&rsquo;\u00e9voque pas la m\u00eame id\u00e9e, sentiment, selon les personnes.<br>L&rsquo;originalit\u00e9 d&rsquo;interpr\u00e9tation selon l&rsquo;id\u00e9e \u00e0 jouer, la rapidit\u00e9 d&rsquo;enchainement, sans oublier l&rsquo;humour des <strong>com\u00e9diens sont impressionnant.<\/strong><br>On a du mal \u00e0 croire que rien n&rsquo;a \u00e9t\u00e9 pens\u00e9 ni r\u00e9p\u00e9t\u00e9 \u00e0 l&rsquo;avance, major\u00e9 par la connivence qu&rsquo;il y a entre les 2 acteurs; et l&rsquo;accompagnement musical totalement raccord soit avec le ton des acteurs soit avec les mouvements de leurs corps. <strong>Epoustouflant !<\/strong><br>Ce spectacle \u00e9tait surprenant, innovant pour bon nombre des spectateurs, musical et dr\u00f4le.<br><strong>A recommander et renouveler !<\/strong>  Merci pour se beau moment de d\u00e9tente, tant attendu apr\u00e8s des mois de confinements. Sans doute, un premier spectacle pour la plupart d&rsquo;entre nous.<br>Gr\u00e2ce \u00e0 vous, nous avons bien commenc\u00e9 l&rsquo;ann\u00e9e !   Cordialement. \u00ab\u00a0<br>  <br><em>  Marilyne S\u00e9on  &#8211;  Maire adjointe &#8211;   Commune d\u2019Orli\u00e9nas  <\/em><\/p>\n\n\n\n<div class=\"wp-block-group\"><div class=\"wp-block-group__inner-container is-layout-flow wp-block-group-is-layout-flow\">\n<div class=\"wp-block-group\"><div class=\"wp-block-group__inner-container is-layout-flow wp-block-group-is-layout-flow\">\n<figure class=\"wp-block-gallery has-nested-images columns-default is-cropped wp-block-gallery-2 is-layout-flex wp-block-gallery-is-layout-flex\">\n<figure class=\"wp-block-image size-large\"><img decoding=\"async\" width=\"1024\" height=\"768\" data-id=\"409\" src=\"http:\/\/perolinedrevon.fr\/wp-content\/uploads\/2020\/11\/IMG_5476-1024x768.jpg\" alt=\"\" class=\"wp-image-409\" srcset=\"https:\/\/perolinedrevon.fr\/wp-content\/uploads\/2020\/11\/IMG_5476-1024x768.jpg 1024w, https:\/\/perolinedrevon.fr\/wp-content\/uploads\/2020\/11\/IMG_5476-300x225.jpg 300w, https:\/\/perolinedrevon.fr\/wp-content\/uploads\/2020\/11\/IMG_5476-768x576.jpg 768w, https:\/\/perolinedrevon.fr\/wp-content\/uploads\/2020\/11\/IMG_5476-1536x1152.jpg 1536w, https:\/\/perolinedrevon.fr\/wp-content\/uploads\/2020\/11\/IMG_5476-596x447.jpg 596w, https:\/\/perolinedrevon.fr\/wp-content\/uploads\/2020\/11\/IMG_5476.jpg 1872w\" sizes=\"(max-width: 1024px) 100vw, 1024px\" \/><\/figure>\n\n\n\n<figure class=\"wp-block-image size-large\"><img decoding=\"async\" width=\"1024\" height=\"659\" data-id=\"411\" src=\"http:\/\/perolinedrevon.fr\/wp-content\/uploads\/2020\/11\/IMG_5474-1-1024x659.jpg\" alt=\"\" class=\"wp-image-411\" srcset=\"https:\/\/perolinedrevon.fr\/wp-content\/uploads\/2020\/11\/IMG_5474-1-1024x659.jpg 1024w, https:\/\/perolinedrevon.fr\/wp-content\/uploads\/2020\/11\/IMG_5474-1-300x193.jpg 300w, https:\/\/perolinedrevon.fr\/wp-content\/uploads\/2020\/11\/IMG_5474-1-768x494.jpg 768w, https:\/\/perolinedrevon.fr\/wp-content\/uploads\/2020\/11\/IMG_5474-1-1536x988.jpg 1536w, https:\/\/perolinedrevon.fr\/wp-content\/uploads\/2020\/11\/IMG_5474-1.jpg 1679w\" sizes=\"(max-width: 1024px) 100vw, 1024px\" \/><\/figure>\n\n\n\n<figure class=\"wp-block-image size-large\"><img loading=\"lazy\" decoding=\"async\" width=\"1024\" height=\"684\" data-id=\"412\" src=\"http:\/\/perolinedrevon.fr\/wp-content\/uploads\/2020\/11\/IMG_5475-1024x684.jpg\" alt=\"\" class=\"wp-image-412\" srcset=\"https:\/\/perolinedrevon.fr\/wp-content\/uploads\/2020\/11\/IMG_5475-1024x684.jpg 1024w, https:\/\/perolinedrevon.fr\/wp-content\/uploads\/2020\/11\/IMG_5475-300x200.jpg 300w, https:\/\/perolinedrevon.fr\/wp-content\/uploads\/2020\/11\/IMG_5475-768x513.jpg 768w, https:\/\/perolinedrevon.fr\/wp-content\/uploads\/2020\/11\/IMG_5475-1536x1025.jpg 1536w, https:\/\/perolinedrevon.fr\/wp-content\/uploads\/2020\/11\/IMG_5475.jpg 2048w\" sizes=\"(max-width: 1024px) 100vw, 1024px\" \/><\/figure>\n<\/figure>\n<\/div><\/div>\n<\/div><\/div>\n\n\n\n<p><\/p>\n\n\n\n<h2 class=\"wp-block-heading\"><strong>COMITE DE DIRECTION BUREAU VERITAS <\/strong><\/h2>\n\n\n\n<p><strong>OBJECTIF : FAIRE UNE ATELIER DE COHESION D&rsquo;EQUIPE<\/strong><\/p>\n\n\n\n<p>\u00ab\u00a0Je n\u2019ai eu que des retours positifs sur notre session. Nous faisons r\u00e9guli\u00e8rement allusion aux moments de fun et de partage que nous avons eus. A n\u2019en pas douter cela restera dans les m\u00e9moires . Assur\u00e9ment P\u00e9roline a \u00e9t\u00e9 une&nbsp;<strong>animatrice exceptionnelle<\/strong>&nbsp;qui a su s\u2019adapter \u00e0 la personnalit\u00e9 de chacun pour instaurer en douceur un climat cr\u00e9atif , r\u00e9cr\u00e9atif et de confiance. On s\u2019est presque senti, un temps, capable de faire de l\u2019improvisation. C\u2019est vous dire. \u00a0\u00bb  <em>Jean-Pierre<\/em>&nbsp;<\/p>\n\n\n\n<p><\/p>\n\n\n\n<h2 class=\"wp-block-heading\"><strong>CONFERENCE DE JEUNE ET ROSE <\/strong><\/h2>\n\n\n\n<p><strong>OBJECTIF : DYNAMISER LA CONFERENCE AVEC DES SCENES IMROVISEES<\/strong><\/p>\n\n\n\n<p>\u00ab\u00a0Les interventions th\u00e9\u00e2trales d&rsquo;impro de P\u00e9roline et Nicolas durant notre conf\u00e9rence ont \u00e9t\u00e9 tr\u00e8s appr\u00e9ci\u00e9es du public compos\u00e9 \u00e0 la fois de professionnels de sant\u00e9, d&rsquo;\u00e9tudiants en sant\u00e9, de patientes et leurs aidants. Elles ont permis d&rsquo;apporter de la l\u00e9g\u00e8ret\u00e9&nbsp;\u00e0 certains t\u00e9moignages qui parfois pouvaient \u00eatre forts en \u00e9motion. Il n&rsquo;y a ni trop ni pas assez, les sc\u00e9nettes sont toujours tr\u00e8s justement dos\u00e9es. P\u00e9roline a une voix et une fa\u00e7on de s&rsquo;exprimer qui captive. P\u00e9roline et Nicolas, accompagn\u00e9s au synth\u00e9 par Pierre ont permet d&rsquo;apporter une \u00e9nergie tr\u00e8s communicative.&nbsp;Nous ferons appel \u00e0 eux sans aucune h\u00e9sitation, car chez Jeune&amp;Rose, nous aimons m\u00ealer art et pr\u00e9vention.&nbsp;\u00ab\u00a0<\/p>\n\n\n\n<figure class=\"wp-block-gallery has-nested-images columns-default is-cropped wp-block-gallery-3 is-layout-flex wp-block-gallery-is-layout-flex\">\n<figure class=\"wp-block-image size-large\"><img loading=\"lazy\" decoding=\"async\" width=\"576\" height=\"1024\" data-id=\"1289\" src=\"http:\/\/perolinedrevon.fr\/wp-content\/uploads\/2024\/12\/thumbnail_B7652C03-E2F3-444D-AB9E-5DD481D49848-1-576x1024.jpg\" alt=\"\" class=\"wp-image-1289\" srcset=\"https:\/\/perolinedrevon.fr\/wp-content\/uploads\/2024\/12\/thumbnail_B7652C03-E2F3-444D-AB9E-5DD481D49848-1-576x1024.jpg 576w, https:\/\/perolinedrevon.fr\/wp-content\/uploads\/2024\/12\/thumbnail_B7652C03-E2F3-444D-AB9E-5DD481D49848-1-169x300.jpg 169w, https:\/\/perolinedrevon.fr\/wp-content\/uploads\/2024\/12\/thumbnail_B7652C03-E2F3-444D-AB9E-5DD481D49848-1-768x1365.jpg 768w, https:\/\/perolinedrevon.fr\/wp-content\/uploads\/2024\/12\/thumbnail_B7652C03-E2F3-444D-AB9E-5DD481D49848-1-864x1536.jpg 864w, https:\/\/perolinedrevon.fr\/wp-content\/uploads\/2024\/12\/thumbnail_B7652C03-E2F3-444D-AB9E-5DD481D49848-1-1152x2048.jpg 1152w, https:\/\/perolinedrevon.fr\/wp-content\/uploads\/2024\/12\/thumbnail_B7652C03-E2F3-444D-AB9E-5DD481D49848-1-1140x2027.jpg 1140w, https:\/\/perolinedrevon.fr\/wp-content\/uploads\/2024\/12\/thumbnail_B7652C03-E2F3-444D-AB9E-5DD481D49848-1.jpg 1170w\" sizes=\"(max-width: 576px) 100vw, 576px\" \/><\/figure>\n\n\n\n<figure class=\"wp-block-image size-large\"><img loading=\"lazy\" decoding=\"async\" width=\"768\" height=\"1024\" data-id=\"1288\" src=\"http:\/\/perolinedrevon.fr\/wp-content\/uploads\/2024\/12\/thumbnail_IMG_4836-1-768x1024.jpg\" alt=\"\" class=\"wp-image-1288\" srcset=\"https:\/\/perolinedrevon.fr\/wp-content\/uploads\/2024\/12\/thumbnail_IMG_4836-1-768x1024.jpg 768w, https:\/\/perolinedrevon.fr\/wp-content\/uploads\/2024\/12\/thumbnail_IMG_4836-1-225x300.jpg 225w, https:\/\/perolinedrevon.fr\/wp-content\/uploads\/2024\/12\/thumbnail_IMG_4836-1-1152x1536.jpg 1152w, https:\/\/perolinedrevon.fr\/wp-content\/uploads\/2024\/12\/thumbnail_IMG_4836-1-1536x2048.jpg 1536w, https:\/\/perolinedrevon.fr\/wp-content\/uploads\/2024\/12\/thumbnail_IMG_4836-1-1140x1520.jpg 1140w, https:\/\/perolinedrevon.fr\/wp-content\/uploads\/2024\/12\/thumbnail_IMG_4836-1.jpg 1920w\" sizes=\"(max-width: 768px) 100vw, 768px\" \/><\/figure>\n<\/figure>\n\n\n\n<p><\/p>\n\n\n\n<h2 class=\"wp-block-heading\"><strong>HCL &#8211; COLLOQUE SUR LA RELATION PATIENT SOIGNANT &#8211; OBJECTIF : ANIMER LE COLOQUE ET GERER LES ECHANGES<\/strong><\/h2>\n\n\n\n<p>\u00ab\u00a0Une animatrice qui a su jouer un r\u00f4le cl\u00e9 dans la r\u00e9ussite du colloque, notamment en facilitant les \u00e9changes entre les intervenants et le public. Elle a montr\u00e9 son implication et son engagement pour la th\u00e9matique de la journ\u00e9e. Son enthousiasme, son dynamisme et son aisance a permis de cr\u00e9er une ambiance conviviale et interactive.\u00a0\u00bb<\/p>\n\n\n\n<p><em><strong>St\u00e9phanie Marchisio, <\/strong>Responsable des relations avec les usagers <\/em><\/p>\n\n\n\n<p><\/p>\n\n\n\n<h2 class=\"wp-block-heading\"><strong>Accompagnement d\u2019\u00e9quipe LyonResto.com \u2013 Prise de parole en public\/cam\u00e9ra<\/strong><\/h2>\n\n\n\n<p>\u00ab\u00a0P\u00e9roline\u00a0sait prendre en main une situation nouvelle et accompagner chacun en fonction de ses capacit\u00e9s vers une nouvelle \u00e9tape. On appr\u00e9cie son professionnalisme, sa rigueur et son \u00e9nergie communicative. Son implication est \u00e0 1000%, elle poss\u00e8de une vision d&rsquo;ensemble plut\u00f4t rare et fait tout pour nous aider \u00e0 atteindre l&rsquo;objectif final d\u00e9finit. \u00a0\u00bb <\/p>\n\n\n\n<p><em><strong>St\u00e9phane Koschall,<\/strong> G\u00e9rant de <a href=\"https:\/\/www.lyonresto.com\/\">LyonResto.com<\/a><\/em><\/p>\n\n\n\n<figure class=\"wp-block-image size-large is-resized\"><img loading=\"lazy\" decoding=\"async\" width=\"1024\" height=\"768\" src=\"https:\/\/perolinedrevon.fr\/wp-content\/uploads\/2025\/11\/IMG_5942-1024x768.jpg\" alt=\"\" class=\"wp-image-1910\" style=\"width:350px\" srcset=\"https:\/\/perolinedrevon.fr\/wp-content\/uploads\/2025\/11\/IMG_5942-1024x768.jpg 1024w, https:\/\/perolinedrevon.fr\/wp-content\/uploads\/2025\/11\/IMG_5942-300x225.jpg 300w, https:\/\/perolinedrevon.fr\/wp-content\/uploads\/2025\/11\/IMG_5942-768x576.jpg 768w, https:\/\/perolinedrevon.fr\/wp-content\/uploads\/2025\/11\/IMG_5942-1536x1152.jpg 1536w, https:\/\/perolinedrevon.fr\/wp-content\/uploads\/2025\/11\/IMG_5942-2048x1536.jpg 2048w\" sizes=\"(max-width: 1024px) 100vw, 1024px\" \/><figcaption class=\"wp-element-caption\">Tournage avec Lyonresto.com<\/figcaption><\/figure>\n\n\n\n<p><\/p>\n\n\n\n<h2 class=\"wp-block-heading\"><strong>ATMP \u2013 Objectif : cr\u00e9er un spectacle personnalis\u00e9 pour une soir\u00e9e de fin d\u2019ann\u00e9e<\/strong><\/h2>\n\n\n\n<p>\u00ab&nbsp;Lors de notre f\u00eate de fin d\u2019ann\u00e9e, malgr\u00e9 un contexte sanitaire encore pr\u00e9sent, la prestation de P\u00e9roline et ses compagnons de sc\u00e8ne a permis de partager un moment hors du temps.&nbsp; Leur jeu th\u00e9\u00e2tral nourrit de petits bouts de vie quotidienne, plein de rebondissements \u00e0 rassembl\u00e9 dans la bonne humeur.<\/p>\n\n\n\n<p>Des acteurs simples et naturels qui ont su s\u2019adapter au public&nbsp;.<\/p>\n\n\n\n<p>Encore un grand MERCI d\u2019avoir contribu\u00e9 \u00e0 ce que ce moment puisse se r\u00e9aliser en trouvant le lieu propice.\u00a0\u00bb<\/p>\n\n\n\n<p><em><strong>Muriel BRETON,<\/strong> Cheffe de service SAVS, ATMP<\/em><\/p>\n\n\n\n<p><\/p>\n\n\n\n<p><\/p>\n\n\n\n<h2 class=\"wp-block-heading\">COPAMO &#8211; <strong>Spectacle priv\u00e9 pour mettre \u00e0 l&rsquo;honneur les assistantes maternelles<\/strong><\/h2>\n\n\n\n<p>\u00ab Nous avons invit\u00e9 P\u00e9roline dans le cadre d\u2019une soir\u00e9e qui mettait \u00e0 l\u2019honneur les assistants maternels de la Copamo. Doux, \u00e9mouvant et dr\u00f4le, le spectacle propos\u00e9 par P\u00e9roline, sa partenaire de jeu et leur musicien a fait voyager les assistantes maternelles dans leur quotidien en y ajoutant une touche de l\u00e9g\u00e8ret\u00e9. Apr\u00e8s quelques \u00e9changes o\u00f9 les assistantes maternelles ont pu raconter quelques anecdotes professionnelles, les com\u00e9diennes ont rejou\u00e9 la vie de nos \u00ab Nounous \u00bb avec une justesse et une bienveillance remarquable ! Les assistantes maternelles \u00e9taient conquises et nous aussi ! \u00bb<\/p>\n\n\n\n<p><em>Les animatrices du Relais Petite Enfance de la Copamo.<\/em><\/p>\n\n\n\n<p><\/p>\n\n\n\n<p><\/p>\n\n\n\n<h2 class=\"wp-block-heading\"><strong>Hospices civils de Lyon<\/strong> &#8211; <strong>Spectacle d\u2019impro sur mesure dans un colloque sur le sujet des aidants<\/strong>.<\/h2>\n\n\n\n<p>L\u2019ensemble de professionnel pr\u00e9sent ont appr\u00e9ci\u00e9 ce nouveau format. Les com\u00e9diens nous ont propos\u00e9 un spectacle d\u2019improvisation autour de la place aidants avec beaucoup d\u2019intelligence, d\u2019humour et de d\u00e9licatesse. Malgr\u00e9 une th\u00e9matique tr\u00e8s difficile \u00e0 aborder, ils ont su mettre en mouvement des situations qui nous parlent tant. C\u2019est un format qui change des conf\u00e9rences et formations auxquelles nous pouvons assister. Ces improvisations ont \u00e9t\u00e9 une r\u00e9elle bouff\u00e9e d\u2019oxyg\u00e8ne pour tous les professionnels pr\u00e9sents.&nbsp;<\/p>\n\n\n\n<p><em>Kadiatou FOFANA<\/em><em>&nbsp;, r\u00e9f\u00e9rente usagers, direction de la client\u00e8le, Hospices civils de Lyon<\/em><\/p>\n","protected":false},"excerpt":{"rendered":"<p>HARMONIE MUTUELLE &#8211; Objectifs&nbsp;: Teambuilding \/ D\u00e9couverte de l&rsquo;Improvisation et coh\u00e9sion \u00ab\u00a0Nos \u00e9quipes et nous-m\u00eame avons \u00e9t\u00e9 tr\u00e8s satisfait sur le contenu ainsi que l\u2019approche p\u00e9dagogique de la com\u00e9dienne. Elle a su petit \u00e0 petit avec les diff\u00e9rents ateliers mettre en confiance nos collaborateurs afin qu\u2019ils se sentent \u00e0 l\u2019aise et qu\u2019ils puissent s\u2019exprimer. Nous [&hellip;]<\/p>\n","protected":false},"author":1,"featured_media":0,"parent":0,"menu_order":0,"comment_status":"closed","ping_status":"closed","template":"","meta":{"footnotes":""},"class_list":["post-407","page","type-page","status-publish","hentry"],"_links":{"self":[{"href":"https:\/\/perolinedrevon.fr\/index.php?rest_route=\/wp\/v2\/pages\/407","targetHints":{"allow":["GET"]}}],"collection":[{"href":"https:\/\/perolinedrevon.fr\/index.php?rest_route=\/wp\/v2\/pages"}],"about":[{"href":"https:\/\/perolinedrevon.fr\/index.php?rest_route=\/wp\/v2\/types\/page"}],"author":[{"embeddable":true,"href":"https:\/\/perolinedrevon.fr\/index.php?rest_route=\/wp\/v2\/users\/1"}],"replies":[{"embeddable":true,"href":"https:\/\/perolinedrevon.fr\/index.php?rest_route=%2Fwp%2Fv2%2Fcomments&post=407"}],"version-history":[{"count":10,"href":"https:\/\/perolinedrevon.fr\/index.php?rest_route=\/wp\/v2\/pages\/407\/revisions"}],"predecessor-version":[{"id":1911,"href":"https:\/\/perolinedrevon.fr\/index.php?rest_route=\/wp\/v2\/pages\/407\/revisions\/1911"}],"wp:attachment":[{"href":"https:\/\/perolinedrevon.fr\/index.php?rest_route=%2Fwp%2Fv2%2Fmedia&parent=407"}],"curies":[{"name":"wp","href":"https:\/\/api.w.org\/{rel}","templated":true}]}}