{"id":419,"date":"2020-11-10T16:10:05","date_gmt":"2020-11-10T15:10:05","guid":{"rendered":"http:\/\/perolinedrevon.fr\/?page_id=419"},"modified":"2020-11-10T16:11:40","modified_gmt":"2020-11-10T15:11:40","slug":"ils-racontent-2","status":"publish","type":"page","link":"https:\/\/perolinedrevon.fr\/?page_id=419","title":{"rendered":"ILS RACONTENT&#8230;"},"content":{"rendered":"\n<div class=\"wp-block-cover has-background-dim\" style=\"background-image:url(http:\/\/perolinedrevon.fr\/wp-content\/uploads\/2020\/11\/IMG_E5566-scaled.jpg);background-position:47.5% 33.582089552238806%;min-height:172px;aspect-ratio:unset;\"><div class=\"wp-block-cover__inner-container is-layout-flow wp-block-cover-is-layout-flow\">\n<p class=\"has-text-align-center has-large-font-size\">&#8230; LEURS EXPERIENCES<\/p>\n<\/div><\/div>\n\n\n\n<p> <\/p>\n\n\n\n<p><strong>Monique H \u2013 Atelier d\u00e9couverte de l&rsquo;improvisation th\u00e9\u00e2trale  <\/strong> <strong>&#8211; Lyon<\/strong> <\/p>\n\n\n\n<p>\u00ab&nbsp;C\u2019est avec <strong>beaucoup de plaisir<\/strong> que j\u2019ai d\u00e9couvert mon premier atelier d\u2019improvisation th\u00e9\u00e2trale. Le d\u00e9roul\u00e9 de la s\u00e9ance est <strong>tr\u00e8s progressif.<\/strong> Le guidage de P\u00e9roline permet de rentrer rapidement dans le vif du sujet&nbsp;! La <strong>bienveillance<\/strong> instaur\u00e9e a permis \u00e0 chaque participant de \u00ab&nbsp;sauter le pas&nbsp;\u00bb avec<strong> d\u00e9passement de soi et rires<\/strong>.&nbsp;\u00bb<\/p>\n\n\n\n<p><strong>Sandrine B &#8211; <\/strong> <strong>Atelier d\u00e9couverte de l&rsquo;improvisation th\u00e9\u00e2trale<\/strong> <strong> <\/strong> <strong>&#8211; Lyon<\/strong> <\/p>\n\n\n\n<p>\u00ab&nbsp;Un grand merci de nous avoir <strong>accompagn\u00e9s en douceur vers ce grand saut,<\/strong> qu&rsquo;on a franchit pas \u00e0 pas. Les exercices \u00e9taient vraiment chouettes et n\u00e9cessaires pour nous aider \u00e0 progresser vers le r\u00e9sultat final. Je n&rsquo;aurais pas cru qu&rsquo;en 2h de temps on aurait pu arriver \u00e0 jouer ces petites sc\u00e9nettes&nbsp;!!&nbsp;\u00bb<\/p>\n\n\n\n<p><strong>Coralie E &#8211; <\/strong> <strong>Atelier d\u00e9couverte de l&rsquo;improvisation th\u00e9\u00e2trale  &#8211; Lyon<\/strong><\/p>\n\n\n\n<p> \u00ab&nbsp;<strong>Tr\u00e8s beau moment de partage<\/strong> pendant cet atelier d\u00e9couverte : des activit\u00e9s vari\u00e9es qui nous ont men\u00e9 sur le chemin de l&rsquo;improvisation et donnent lieu \u00e0 de premi\u00e8res sc\u00e8nes. <strong>Un bon rythme et une belle organisation de la s\u00e9ance.\u00a0\u00bb<\/strong><\/p>\n\n\n\n<p><strong>Marine D &#8211; Stage \u00ab\u00a0Vivre l&rsquo;instant\u00a0\u00bb &#8211; Nantes<\/strong><\/p>\n\n\n\n<p>\u00ab\u00a0Quelques jours apr\u00e8s le stage \u00ab\u00a0Vivre l&rsquo;instant\u00a0\u00bb, j&rsquo;ai eu \u00e0 traverser une \u00e9motion difficile pour moi. Me souvenant de ce que P\u00e9roline m&rsquo;a transmis, j&rsquo;ai pris le temps de me poser avec mon \u00e9motion, de lui donner la parole, de la faire jouer et d&rsquo;oser l&rsquo;exprimer m\u00eame si c&rsquo;\u00e9tait uniquement avec moi-m\u00eame.  Quel cadeau!<br>Plus qu&rsquo;une bo\u00eete \u00e0 outils, ce stage c&rsquo;est la possibilit\u00e9, par la suite, pour peu que nous le d\u00e9sirions, d&rsquo;accueillir pleinement ses \u00e9motions, de leur donner toute leur place, de les laisser s&rsquo;exprimer dans une grande justesse et une grande honn\u00eatet\u00e9.<br>De la pr\u00e9cision chirurgicale, de l&rsquo;orf\u00e8vrerie \u00e9motionnelle.<br>Et si cette possibilit\u00e9 s&rsquo;ouvre \u00e0 chacun, c&rsquo;est gr\u00e2ce \u00e0 ce que transmet P\u00e9roline et surtout \u00e0 la fa\u00e7on dont elle le transmet.<br>Avec sa douceur, sa justesse et son alignement en elle-m\u00eame, elle instaure un climat de confiance permettant \u00e0 chacun d&rsquo;aller explorer son int\u00e9riorit\u00e9 en toute s\u00e9curit\u00e9 et d&rsquo;oser ensuite s&rsquo;ouvrir au monde et aux autres pour laisser ce qui est important s&rsquo;exprimer, se jouer, se vivre.<br> Ces espaces de non-jugement sont rares et pourtant tellement n\u00e9cessaires au bien-\u00eatre de chacun.<br> En l&rsquo;observant animer son stage, j&rsquo;ai \u00e9galement appris combien la douceur est puissante, combien c&rsquo;est une force. Cela m&rsquo;inspire beaucoup et j&rsquo;ai h\u00e2te d&rsquo;exp\u00e9rimenter tout cela dans ma vie de tous les jours, y compris dans mon cadre professionnel, qui, pourtant, ne semble pas vraiment s&rsquo;y pr\u00eater au premier abord.\u00a0\u00bb<\/p>\n\n\n\n<p><strong>Sol\u00e8ne B <\/strong> <strong>&#8211; Stage \u00ab\u00a0Vivre l&rsquo;instant\u00a0\u00bb &#8211; Nantes<\/strong> <\/p>\n\n\n\n<p>\u00ab\u00a0Cette journ\u00e9e, teint\u00e9e de douceur et d&rsquo;exigence m&rsquo;a permis d&rsquo;approfondir la d\u00e9connexion du cerveau constructeur au profit de l&rsquo;intelligence des \u00e9motions v\u00e9cues au service du jeu et de la construction.<br>Le ton est calme et bienveillant, les retours de P\u00e9roline sont pertinents et ses interventions justes. Une forme d&rsquo;application du \u00ab\u00a0Less is more\u00a0\u00bb \u00e0 l&rsquo;impro. Une approche sobre et sinc\u00e8re qui m&rsquo;a procur\u00e9 la satisfaction de trouver un jeu juste et sinc\u00e8re. \u00ab\u00a0<\/p>\n\n\n\n<p><strong>Denis P &#8211; Stage \u00ab\u00a0Vivre l&rsquo;instant\u00a0\u00bb &#8211; Nantes<\/strong>  <\/p>\n\n\n\n<p>\u00ab\u00a0Merci P\u00e9roline pour ce voyage exploratoire \u00e0 la qu\u00eate des \u00e9motions sinc\u00e8res et justes, notamment via une vraie \u00e9coute active de ses partenaires. J&rsquo;ai \u00e9galement appr\u00e9ci\u00e9 de pouvoir d\u00e9passer mes propres limites et eu plaisir \u00e0 partager ses moments collectifs dans une agr\u00e9able atmosph\u00e8re.\u00a0\u00bb<\/p>\n","protected":false},"excerpt":{"rendered":"<p>Monique H \u2013 Atelier d\u00e9couverte de l&rsquo;improvisation th\u00e9\u00e2trale &#8211; Lyon \u00ab&nbsp;C\u2019est avec beaucoup de plaisir que j\u2019ai d\u00e9couvert mon premier atelier d\u2019improvisation th\u00e9\u00e2trale. Le d\u00e9roul\u00e9 de la s\u00e9ance est tr\u00e8s progressif. Le guidage de P\u00e9roline permet de rentrer rapidement dans le vif du sujet&nbsp;! La bienveillance instaur\u00e9e a permis \u00e0 chaque participant de \u00ab&nbsp;sauter le [&hellip;]<\/p>\n","protected":false},"author":1,"featured_media":421,"parent":0,"menu_order":0,"comment_status":"closed","ping_status":"closed","template":"","meta":{"footnotes":""},"class_list":["post-419","page","type-page","status-publish","has-post-thumbnail","hentry"],"_links":{"self":[{"href":"https:\/\/perolinedrevon.fr\/index.php?rest_route=\/wp\/v2\/pages\/419","targetHints":{"allow":["GET"]}}],"collection":[{"href":"https:\/\/perolinedrevon.fr\/index.php?rest_route=\/wp\/v2\/pages"}],"about":[{"href":"https:\/\/perolinedrevon.fr\/index.php?rest_route=\/wp\/v2\/types\/page"}],"author":[{"embeddable":true,"href":"https:\/\/perolinedrevon.fr\/index.php?rest_route=\/wp\/v2\/users\/1"}],"replies":[{"embeddable":true,"href":"https:\/\/perolinedrevon.fr\/index.php?rest_route=%2Fwp%2Fv2%2Fcomments&post=419"}],"version-history":[{"count":2,"href":"https:\/\/perolinedrevon.fr\/index.php?rest_route=\/wp\/v2\/pages\/419\/revisions"}],"predecessor-version":[{"id":424,"href":"https:\/\/perolinedrevon.fr\/index.php?rest_route=\/wp\/v2\/pages\/419\/revisions\/424"}],"wp:featuredmedia":[{"embeddable":true,"href":"https:\/\/perolinedrevon.fr\/index.php?rest_route=\/wp\/v2\/media\/421"}],"wp:attachment":[{"href":"https:\/\/perolinedrevon.fr\/index.php?rest_route=%2Fwp%2Fv2%2Fmedia&parent=419"}],"curies":[{"name":"wp","href":"https:\/\/api.w.org\/{rel}","templated":true}]}}