{"id":784,"date":"2021-11-02T15:30:20","date_gmt":"2021-11-02T14:30:20","guid":{"rendered":"http:\/\/perolinedrevon.fr\/?page_id=784"},"modified":"2024-01-10T14:38:02","modified_gmt":"2024-01-10T13:38:02","slug":"entre-generations","status":"publish","type":"page","link":"https:\/\/perolinedrevon.fr\/?page_id=784","title":{"rendered":"Entre g\u00e9n\u00e9rations"},"content":{"rendered":"\n<h2 class=\"wp-block-heading\">Que reste-t-il avec le temps qui passe?<\/h2>\n\n\n\n<p>Le th\u00e9\u00e2tre au service du lien interg\u00e9n\u00e9rationnel, nos transmissions, nos retrouvailles &#8230;.<\/p>\n\n\n\n<figure class=\"wp-block-image size-large\"><img fetchpriority=\"high\" decoding=\"async\" width=\"724\" height=\"1024\" src=\"http:\/\/perolinedrevon.fr\/wp-content\/uploads\/2021\/11\/Entre-generations-724x1024.jpg\" alt=\"\" class=\"wp-image-794\" srcset=\"https:\/\/perolinedrevon.fr\/wp-content\/uploads\/2021\/11\/Entre-generations-724x1024.jpg 724w, https:\/\/perolinedrevon.fr\/wp-content\/uploads\/2021\/11\/Entre-generations-212x300.jpg 212w, https:\/\/perolinedrevon.fr\/wp-content\/uploads\/2021\/11\/Entre-generations-768x1086.jpg 768w, https:\/\/perolinedrevon.fr\/wp-content\/uploads\/2021\/11\/Entre-generations-1086x1536.jpg 1086w, https:\/\/perolinedrevon.fr\/wp-content\/uploads\/2021\/11\/Entre-generations-1140x1612.jpg 1140w, https:\/\/perolinedrevon.fr\/wp-content\/uploads\/2021\/11\/Entre-generations.jpg 1414w\" sizes=\"(max-width: 724px) 100vw, 724px\" \/><\/figure>\n\n\n\n<div class=\"wp-block-columns is-layout-flex wp-container-core-columns-is-layout-9d6595d7 wp-block-columns-is-layout-flex\">\n<div class=\"wp-block-column is-layout-flow wp-block-column-is-layout-flow\" style=\"flex-basis:100%\">\n<pre class=\"wp-block-verse has-text-align-left\">\"Entre g\u00e9n\u00e9rations\" est un spectacle participatif sur le lien interg\u00e9n\u00e9rationnel. C'est 1h15 de th\u00e9\u00e2tre spontan\u00e9 sur notre lien familial, nos transmissions, nos retrouvailles en famille.\n\nSur sc\u00e8ne, 2 com\u00e9diens et un musicien r\u00e9coltent les impressions du public sur la question : \"que reste-il avec le temps qui passe?\"\n\nLes anecdotes, les objets, les \u00e9motions donn\u00e9s, deviennent la mati\u00e8re premi\u00e8re du spectacle qui s'improvise sous les yeux des spectateurs.\n\nLes histoires s'enchainent sur diff\u00e9rentes atmosph\u00e8res, Certaines sont dr\u00f4les, d'autres nostalgiques ou encore po\u00e9tiques.\n\n\"Entre g\u00e9n\u00e9rations\" est un spectacle improvis\u00e9 qui rend hommage \u00e0 toutes nos transmissions. Avec le temps qui passe, r\u00e9alisons qu'il est pr\u00e9cieux de garder ces moments en m\u00e9moire, pour les petits comme les grands.\n<\/pre>\n\n\n\n<h2 class=\"wp-block-heading\">Quelques photos :<\/h2>\n\n\n\n<div class=\"wp-block-group\"><div class=\"wp-block-group__inner-container is-layout-constrained wp-block-group-is-layout-constrained\">\n<figure class=\"wp-block-gallery has-nested-images columns-2 is-cropped wp-block-gallery-1 is-layout-flex wp-block-gallery-is-layout-flex\">\n<figure class=\"wp-block-image size-large\"><img decoding=\"async\" width=\"1024\" height=\"680\" data-id=\"788\" src=\"https:\/\/perolinedrevon.fr\/wp-content\/uploads\/2021\/11\/credit-photo-Lionel-Rault-7-1024x680.jpeg\" alt=\"\" class=\"wp-image-788\" srcset=\"https:\/\/perolinedrevon.fr\/wp-content\/uploads\/2021\/11\/credit-photo-Lionel-Rault-7-1024x680.jpeg 1024w, https:\/\/perolinedrevon.fr\/wp-content\/uploads\/2021\/11\/credit-photo-Lionel-Rault-7-300x199.jpeg 300w, https:\/\/perolinedrevon.fr\/wp-content\/uploads\/2021\/11\/credit-photo-Lionel-Rault-7-768x510.jpeg 768w, https:\/\/perolinedrevon.fr\/wp-content\/uploads\/2021\/11\/credit-photo-Lionel-Rault-7-1536x1020.jpeg 1536w, https:\/\/perolinedrevon.fr\/wp-content\/uploads\/2021\/11\/credit-photo-Lionel-Rault-7-1140x757.jpeg 1140w, https:\/\/perolinedrevon.fr\/wp-content\/uploads\/2021\/11\/credit-photo-Lionel-Rault-7.jpeg 1600w\" sizes=\"(max-width: 1024px) 100vw, 1024px\" \/><\/figure>\n\n\n\n<figure class=\"wp-block-image size-large\"><img decoding=\"async\" width=\"1024\" height=\"681\" data-id=\"790\" src=\"https:\/\/perolinedrevon.fr\/wp-content\/uploads\/2021\/11\/credit-photo-Lionel-Rault-9-1024x681.jpeg\" alt=\"\" class=\"wp-image-790\" srcset=\"https:\/\/perolinedrevon.fr\/wp-content\/uploads\/2021\/11\/credit-photo-Lionel-Rault-9-1024x681.jpeg 1024w, https:\/\/perolinedrevon.fr\/wp-content\/uploads\/2021\/11\/credit-photo-Lionel-Rault-9-300x200.jpeg 300w, https:\/\/perolinedrevon.fr\/wp-content\/uploads\/2021\/11\/credit-photo-Lionel-Rault-9-768x511.jpeg 768w, https:\/\/perolinedrevon.fr\/wp-content\/uploads\/2021\/11\/credit-photo-Lionel-Rault-9-1536x1021.jpeg 1536w, https:\/\/perolinedrevon.fr\/wp-content\/uploads\/2021\/11\/credit-photo-Lionel-Rault-9-1140x758.jpeg 1140w, https:\/\/perolinedrevon.fr\/wp-content\/uploads\/2021\/11\/credit-photo-Lionel-Rault-9.jpeg 1600w\" sizes=\"(max-width: 1024px) 100vw, 1024px\" \/><figcaption class=\"wp-element-caption\">Entre g\u00e9n\u00e9rations \u00e0 La cit\u00e9 des halles (Lyon)<\/figcaption><\/figure>\n<\/figure>\n<\/div><\/div>\n<\/div>\n<\/div>\n\n\n\n<figure class=\"wp-block-gallery has-nested-images columns-default is-cropped wp-block-gallery-2 is-layout-flex wp-block-gallery-is-layout-flex\">\n<figure class=\"wp-block-image size-large\"><img loading=\"lazy\" decoding=\"async\" width=\"1024\" height=\"768\" data-id=\"1106\" src=\"https:\/\/perolinedrevon.fr\/wp-content\/uploads\/2023\/12\/thumbnail_IMG_9613-1024x768.jpg\" alt=\"\" class=\"wp-image-1106\" srcset=\"https:\/\/perolinedrevon.fr\/wp-content\/uploads\/2023\/12\/thumbnail_IMG_9613-1024x768.jpg 1024w, https:\/\/perolinedrevon.fr\/wp-content\/uploads\/2023\/12\/thumbnail_IMG_9613-300x225.jpg 300w, https:\/\/perolinedrevon.fr\/wp-content\/uploads\/2023\/12\/thumbnail_IMG_9613-768x576.jpg 768w, https:\/\/perolinedrevon.fr\/wp-content\/uploads\/2023\/12\/thumbnail_IMG_9613-1140x855.jpg 1140w, https:\/\/perolinedrevon.fr\/wp-content\/uploads\/2023\/12\/thumbnail_IMG_9613.jpg 1280w\" sizes=\"(max-width: 1024px) 100vw, 1024px\" \/><figcaption class=\"wp-element-caption\">Entre g\u00e9n\u00e9rations \u00e0 D\u00e9cines (69)<\/figcaption><\/figure>\n<\/figure>\n\n\n\n<figure class=\"wp-block-gallery has-nested-images columns-default is-cropped wp-block-gallery-3 is-layout-flex wp-block-gallery-is-layout-flex\">\n<figure class=\"wp-block-image size-large\"><img loading=\"lazy\" decoding=\"async\" width=\"1024\" height=\"768\" data-id=\"1107\" src=\"https:\/\/perolinedrevon.fr\/wp-content\/uploads\/2023\/12\/impro-04-06-22-3-1024x768.jpg\" alt=\"\" class=\"wp-image-1107\" srcset=\"https:\/\/perolinedrevon.fr\/wp-content\/uploads\/2023\/12\/impro-04-06-22-3-1024x768.jpg 1024w, https:\/\/perolinedrevon.fr\/wp-content\/uploads\/2023\/12\/impro-04-06-22-3-300x225.jpg 300w, https:\/\/perolinedrevon.fr\/wp-content\/uploads\/2023\/12\/impro-04-06-22-3-768x576.jpg 768w, https:\/\/perolinedrevon.fr\/wp-content\/uploads\/2023\/12\/impro-04-06-22-3-1536x1152.jpg 1536w, https:\/\/perolinedrevon.fr\/wp-content\/uploads\/2023\/12\/impro-04-06-22-3-2048x1536.jpg 2048w, https:\/\/perolinedrevon.fr\/wp-content\/uploads\/2023\/12\/impro-04-06-22-3-1140x855.jpg 1140w\" sizes=\"(max-width: 1024px) 100vw, 1024px\" \/><\/figure>\n\n\n\n<figure class=\"wp-block-image size-large\"><img loading=\"lazy\" decoding=\"async\" width=\"1024\" height=\"768\" data-id=\"1108\" src=\"https:\/\/perolinedrevon.fr\/wp-content\/uploads\/2023\/12\/impro-04-06-22-7-1024x768.jpg\" alt=\"\" class=\"wp-image-1108\" srcset=\"https:\/\/perolinedrevon.fr\/wp-content\/uploads\/2023\/12\/impro-04-06-22-7-1024x768.jpg 1024w, https:\/\/perolinedrevon.fr\/wp-content\/uploads\/2023\/12\/impro-04-06-22-7-300x225.jpg 300w, https:\/\/perolinedrevon.fr\/wp-content\/uploads\/2023\/12\/impro-04-06-22-7-768x576.jpg 768w, https:\/\/perolinedrevon.fr\/wp-content\/uploads\/2023\/12\/impro-04-06-22-7-1536x1152.jpg 1536w, https:\/\/perolinedrevon.fr\/wp-content\/uploads\/2023\/12\/impro-04-06-22-7-2048x1536.jpg 2048w, https:\/\/perolinedrevon.fr\/wp-content\/uploads\/2023\/12\/impro-04-06-22-7-1140x855.jpg 1140w\" sizes=\"(max-width: 1024px) 100vw, 1024px\" \/><figcaption class=\"wp-element-caption\">Entre g\u00e9n\u00e9rations \u00e0 Chaussan (69440)<\/figcaption><\/figure>\n<\/figure>\n\n\n\n<figure class=\"wp-block-gallery has-nested-images columns-default is-cropped wp-block-gallery-4 is-layout-flex wp-block-gallery-is-layout-flex\">\n<figure class=\"wp-block-image size-large\"><img loading=\"lazy\" decoding=\"async\" width=\"768\" height=\"1024\" data-id=\"1109\" src=\"https:\/\/perolinedrevon.fr\/wp-content\/uploads\/2023\/12\/thumbnail_IMG_8793-768x1024.jpg\" alt=\"\" class=\"wp-image-1109\" srcset=\"https:\/\/perolinedrevon.fr\/wp-content\/uploads\/2023\/12\/thumbnail_IMG_8793-768x1024.jpg 768w, https:\/\/perolinedrevon.fr\/wp-content\/uploads\/2023\/12\/thumbnail_IMG_8793-225x300.jpg 225w, https:\/\/perolinedrevon.fr\/wp-content\/uploads\/2023\/12\/thumbnail_IMG_8793-1152x1536.jpg 1152w, https:\/\/perolinedrevon.fr\/wp-content\/uploads\/2023\/12\/thumbnail_IMG_8793-1140x1520.jpg 1140w, https:\/\/perolinedrevon.fr\/wp-content\/uploads\/2023\/12\/thumbnail_IMG_8793.jpg 1440w\" sizes=\"(max-width: 768px) 100vw, 768px\" \/><\/figure>\n\n\n\n<figure class=\"wp-block-image size-large\"><img loading=\"lazy\" decoding=\"async\" width=\"768\" height=\"1024\" data-id=\"1110\" src=\"https:\/\/perolinedrevon.fr\/wp-content\/uploads\/2023\/12\/thumbnail_IMG_8791-1-768x1024.jpg\" alt=\"\" class=\"wp-image-1110\" srcset=\"https:\/\/perolinedrevon.fr\/wp-content\/uploads\/2023\/12\/thumbnail_IMG_8791-1-768x1024.jpg 768w, https:\/\/perolinedrevon.fr\/wp-content\/uploads\/2023\/12\/thumbnail_IMG_8791-1-225x300.jpg 225w, https:\/\/perolinedrevon.fr\/wp-content\/uploads\/2023\/12\/thumbnail_IMG_8791-1-1152x1536.jpg 1152w, https:\/\/perolinedrevon.fr\/wp-content\/uploads\/2023\/12\/thumbnail_IMG_8791-1-1140x1520.jpg 1140w, https:\/\/perolinedrevon.fr\/wp-content\/uploads\/2023\/12\/thumbnail_IMG_8791-1.jpg 1440w\" sizes=\"(max-width: 768px) 100vw, 768px\" \/><figcaption class=\"wp-element-caption\">Entre g\u00e9n\u00e9rations, Paris (75008)<\/figcaption><\/figure>\n<\/figure>\n\n\n\n<p>Programmer ce spectacle chez vous : <a href=\"mailto:instantt.drevon@gmail.com\">instantt.drevon@gmail.com<\/a><\/p>\n","protected":false},"excerpt":{"rendered":"<p>Que reste-t-il avec le temps qui passe? Le th\u00e9\u00e2tre au service du lien interg\u00e9n\u00e9rationnel, nos transmissions, nos retrouvailles &#8230;. \u00ab\u00a0Entre g\u00e9n\u00e9rations\u00a0\u00bb est un spectacle participatif sur le lien interg\u00e9n\u00e9rationnel. C&rsquo;est 1h15 de th\u00e9\u00e2tre spontan\u00e9 sur notre lien familial, nos transmissions, nos retrouvailles en famille. Sur sc\u00e8ne, 2 com\u00e9diens et un musicien r\u00e9coltent les impressions du [&hellip;]<\/p>\n","protected":false},"author":1,"featured_media":0,"parent":0,"menu_order":0,"comment_status":"closed","ping_status":"closed","template":"","meta":{"footnotes":""},"class_list":["post-784","page","type-page","status-publish","hentry"],"_links":{"self":[{"href":"https:\/\/perolinedrevon.fr\/index.php?rest_route=\/wp\/v2\/pages\/784","targetHints":{"allow":["GET"]}}],"collection":[{"href":"https:\/\/perolinedrevon.fr\/index.php?rest_route=\/wp\/v2\/pages"}],"about":[{"href":"https:\/\/perolinedrevon.fr\/index.php?rest_route=\/wp\/v2\/types\/page"}],"author":[{"embeddable":true,"href":"https:\/\/perolinedrevon.fr\/index.php?rest_route=\/wp\/v2\/users\/1"}],"replies":[{"embeddable":true,"href":"https:\/\/perolinedrevon.fr\/index.php?rest_route=%2Fwp%2Fv2%2Fcomments&post=784"}],"version-history":[{"count":6,"href":"https:\/\/perolinedrevon.fr\/index.php?rest_route=\/wp\/v2\/pages\/784\/revisions"}],"predecessor-version":[{"id":1114,"href":"https:\/\/perolinedrevon.fr\/index.php?rest_route=\/wp\/v2\/pages\/784\/revisions\/1114"}],"wp:attachment":[{"href":"https:\/\/perolinedrevon.fr\/index.php?rest_route=%2Fwp%2Fv2%2Fmedia&parent=784"}],"curies":[{"name":"wp","href":"https:\/\/api.w.org\/{rel}","templated":true}]}}